e the remainder when 124439470 is divided by 31.
14
Calculate the remainder when 564509 is divided by 1338.
1211
What is the remainder when 27189 is divided by 1356?
69
What is the remainder when 114281 is divided by 2094?
1205
Calculate the remainder when 78566538 is divided by 52.
50
Calculate the remainder when 435557 is divided by 1910.
77
What is the remainder when 314341 is divided by 602?
97
Calculate the remainder when 28107 is divided by 8981.
1164
What is the remainder when 5522874 is divided by 2761428?
18
Calculate the remainder when 3293058 is divided by 235211.
104
Calculate the remainder when 276107 is divided by 1015.
27
What is the remainder when 683852 is divided by 1077?
1034
What is the remainder when 1443982 is divided by 231?
1
What is the remainder when 47499 is divided by 47229?
270
What is the remainder when 10545 is divided by 2772?
2229
Calculate the remainder when 7010 is divided by 1634.
474
What is the remainder when 122309 is divided by 15279?
77
What is the remainder when 6746310 is divided by 458?
428
What is the remainder when 5050386 is divided by 519?
516
Calculate the remainder when 16785223 is divided by 64.
7
What is the remainder when 1117971 is divided by 558961?
49
Calculate the remainder when 33216 is divided by 3878.
2192
Calculate the remainder when 8006273 is divided by 2962.
2949
What is the remainder when 2116260 is divided by 100760?
300
What is the remainder when 5671525 is divided by 58?
53
Calculate the remainder when 143896 is divided by 97.
45
What is the remainder when 49605 is divided by 1382?
1235
Calculate the remainder when 441289 is divided by 2918.
671
Calculate the remainder when 82497 is divided by 2195.
1282
What is the remainder when 7449249 is divided by 1995?
1914
Calculate the remainder when 392251 is divided by 1713.
1687
Calculate the remainder when 154377 is divided by 18801.
3969
What is the remainder when 4811767 is divided by 42?
37
What is the remainder when 2519667 is divided by 839646?
729
What is the remainder when 185204077 is divided by 1268?
1265
Calculate the remainder when 424038772 is divided by 1042.
1040
Calculate the remainder when 70494 is divided by 3069.
2976
Calculate the remainder when 182194522 is divided by 18.
16
What is the remainder when 99766 is divided by 3691?
109
What is the remainder when 2455296 is divided by 77?
74
Calculate the remainder when 777687 is divided by 45.
42
Calculate the remainder when 1574925 is divided by 1578.
81
Calculate the remainder when 3032987 is divided by 4814.
167
What is the remainder when 3261906 is divided by 32296?
10
What is the remainder when 17901 is divided by 2554?
23
Calculate the remainder when 2595134 is divided by 637.
633
What is the remainder when 59393455 is divided by 39?
4
Calculate the remainder when 107126 is divided by 4655.
61
What is the remainder when 178103 is divided by 4953?
4748
Calculate the remainder when 40413 is divided by 40410.
3
What is the remainder when 130139 is divided by 1503?
881
Calculate the remainder when 337137 is divided by 316.
281
Calculate the remainder when 209342396 is divided by 60.
56
What is the remainder when 643092 is divided by 332?
8
Calculate the remainder when 182183 is divided by 199.
98
Calculate the remainder when 6053007 is divided by 281.
267
Calculate the remainder when 171857 is divided by 2772.
2765
What is the remainder when 136069982 is divided by 5000?
4982
Calculate the remainder when 2289586 is divided by 6598.
80
What is the remainder when 26136326 is divided by 951?
944
What is the remainder when 1258815 is divided by 3466?
657
What is the remainder when 586443671 is divided by 27?
26
What is the remainder when 68386 is divided by 3247?
199
Calculate the remainder when 478673 is divided by 477148.
1525
Calculate the remainder when 1204228 is divided by 626.
430
Calculate the remainder when 583270452 is divided by 6555.
6552
What is the remainder when 7343051 is divided by 93?
50
Calculate the remainder when 271894 is divided by 587.
113
Calculate the remainder when 236992 is divided by 4.
0
What is the remainder when 118329794 is divided by 88?
66
Calculate the remainder when 13945 is divided by 1644.
793
What is the remainder when 40574 is divided by 9857?
1146
Calculate the remainder when 170917 is divided by 21212.
1221
Calculate the remainder when 64739195 is divided by 51.
50
What is the remainder when 2840926 is divided by 1420326?
274
Calculate the remainder when 2175455 is divided by 114.
107
What is the remainder when 942165 is divided by 360?
45
Calculate the remainder when 151645 is divided by 21662.
11
What is the remainder when 17885626 is divided by 5961870?
16
What is the remainder when 317715 is divided by 18685?
70
Calculate the remainder when 43088658 is divided by 569.
564
Calculate the remainder when 331562 is divided by 4980.
2882
What is the remainder when 1812940 is divided by 18690?
10
What is the remainder when 6286847 is divided by 330885?
32
What is the remainder when 883203 is divided by 73562?
459
What is the remainder when 657848292 is divided by 117?
114
What is the remainder when 15235 is divided by 1810?
755
What is the remainder when 31563871 is divided by 15781922?
27
What is the remainder when 22922 is divided by 4414?
852
What is the remainder when 15064 is divided by 1086?
946
What is the remainder when 405895 is divided by 4608?
391
Calculate the remainder when 2128472 is divided by 214.
28
Calculate the remainder when 388827 is divided by 1519.
1482
Calculate the remainder when 7395209 is divided by 356.
21
What is the remainder when 24628029 is divided by 26?
23
Calculate the remainder when 2533624 is divided by 45240.
184
What is the remainder when 34759 is divided by 5694?
595
What is the remainder when 329380 is divided by 6118?
5126
Calculate the remainder when 3352417 is divided by 266.
19
Calculate the remainder when 345969111 is divided by 6181.
6179
What is the remainder when 666909 is divided by 938?
929
Calculate the remainder when 808488 is divided by 141.
135
What is the remainder when 3876829 is divided by 58739?
55
What is the remainder when 41193807 is divided by 735?
732
What is the remainder when 8984406 is divided by 120?
6
What is the remainder when 834065 is divided by 834055?
10
Calculate the remainder when 196651 is divided by 24572.
75
What is the remainder when 6859599 is divided by 176?
175
Calculate the remainder when 4889 is divided by 948.
149
What is the remainder when 2958245 is divided by 5678?
7
Calculate the remainder when 1596155 is divided by 575.
530
What is the remainder when 891432 is divided by 1245?
12
What is the remainder when 3358838 is divided by 159944?
14
What is the remainder when 36208193 is divided by 1905694?
7
Calculate the remainder when 401597 is divided by 16710.
557
What is the remainder when 3156987 is divided by 5913?
5358
Calculate the remainder when 4296016 is divided by 226105.
21
What is the remainder when 23325847 is divided by 613838?
3
Calculate the remainder when 559019614 is divided by 1463.
1462
What is the remainder when 3043703 is divided by 102?
23
Calculate the remainder when 1742933850 is divided by 538.
536
Calculate the remainder when 3547755 is divided by 129.
126
Calculate the remainder when 15132025 is divided by 680.
665
Calculate the remainder when 399558 is divided by 133178.
24
What is the remainder when 1308213 is divided by 2473?
2469
Calculate the remainder when 981884 is divided by 109096.
20
Calculate the remainder when 33249 is divided by 6467.
914
Calculate the remainder when 785385 is divided by 702.
549
What is the remainder when 161560797 is divided by 900?
897
Calculate the remainder when 26339 is divided by 820.
99
Calculate the remainder when 26662 is divided by 63.
13
What is the remainder when 22231878 is divided by 24?
6
Calculate the remainder when 543318 is divided by 33.
6
What is the remainder when 17929 is divided by 1885?
964
Calculate the remainder when 844052 is divided by 3902.
1220
What is the remainder when 73788 is divided by 23965?
1893
Calculate the remainder when 49420029 is divided by 780.
9
What is the remainder when 1182745317 is divided by 22?
17
What is the remainder when 81416 is d